(h)?
3
Suppose 15*k - 2704 = 7*k. Suppose 4*g - 2034 = -k. List the prime factors of g.
2, 53
Let h(s) = 19*s**2 - 3*s - 6. Let x be h(-4). Let o(r) = 141*r + 843. Let u be o(-5). Let z = x - u. List the prime factors of z.
2, 43
Suppose -1 + 15 = o. Let g(i) = -6*i**2 + 8*i + 13. Let f(k) = 7*k**2 - 7*k - 14. Let q(b) = -5*f(b) - 6*g(b). List the prime factors of q(o).
2, 3
Suppose -12353 = 10*d - 70283. List the prime factors of d.
3, 1931
Suppose z - q = 2810 + 1059, -2*z - 4*q = -7714. What are the prime factors of z?
5, 773
Suppose -w = 5 - 6, 21 = i + 3*w. Suppose -i*s = 14*s - 15488. What are the prime factors of s?
2, 11
Let z(j) = -38*j - 96. Let k be ((-3)/6 - (3 - 4))*-28. List the prime factors of z(k).
2, 109
Suppose -4*r + 8 + 16 = 0. Suppose -3*a + r*a - 651 = 0. Suppose -7 - a = -i. What are the prime factors of i?
2, 7
Suppose -68 + 796 = 52*n. Suppose n*t - 10*t = 2628. What are the prime factors of t?
3, 73
Let y be 4/(-6) - 9/((-54)/4108). Let l = -89 + 94. Suppose -l*a + y = -g, -5*g - 95 - 37 = -a. List the prime factors of a.
137
What are the prime factors of 1481571/15 - (-78)/(-195)*9/(-6)?
2, 3, 8231
List the prime factors of (35525/196)/(4/16).
5, 29
Let y = 38460 - 5102. What are the prime factors of y?
2, 13, 1283
Suppose 55 = -11*z, -44667 = -2*x + 25*z - 24*z. What are the prime factors of x?
137, 163
Suppose 2616392 = 163*t - 2836633 + 2067189. List the prime factors of t.
2, 3, 577
Suppose 55*m - 11*m = -28*m + 228240. What are the prime factors of m?
2, 5, 317
Let b be 1 + 0 + (-18)/(-6). Let l(k) = 40*k - 16. Let m be l(5). List the prime factors of m/b + (-4 - -1).
43
Suppose 5113 = 3*i + 1327. Suppose 2*c + 4 + 0 = 0, c + i = -4*f. List the prime factors of ((-16)/(-10))/((-14)/f).
2, 3
Let u(n) = 14170*n + 3553. What are the prime factors of u(3)?
73, 631
Let o(h) = -18*h + 9. Let p be o(3). List the prime factors of (-78)/5*75/p.
2, 13
List the prime factors of ((-3)/6)/(((-126)/84)/(24935 - 2)).
8311
Let q(g) be the first derivative of -g**4/2 - 5*g**2/2 - 9*g - 14. List the prime factors of q(-5).
2, 7, 19
Let w(k) = -k + 27. Let x(g) = -1. Let s(v) = -w(v) - 4*x(v). Let u be s(8). Let n = u + 59. What are the prime factors of n?
2, 11
Suppose 2*g - 6292 = -p, -p - 5*g - 2327 + 8613 = 0. List the prime factors of p.
2, 787
Let a be (-128)/(-12)*(-33)/22. List the prime factors of 8/(-6)*(-2088)/a*-6.
2, 3, 29
Let l be (78/52)/(2*1/4). Suppose -l*y + 5*y - 1471 = -s, -2*s + 4*y + 2950 = 0. What are the prime factors of s?
3, 491
Let o(y) = -3*y - 38. Let a be o(-17). Let w(c) = 29*c - 31. What are the prime factors of w(a)?
2, 173
Suppose o - 12 = 4*o - 4*l, -12 = 3*o + l. Let c = o - -215. List the prime factors of c.
211
Let s = 13415 + -9710. What are the prime factors of s?
3, 5, 13, 19
Let c(w) = w**3 - 6*w**2 + 7*w - 14. Let h be c(5). Let r be (-34)/9 - h - (-4)/(-18). Suppose -17*n + 20*n - 75 = r. List the prime factors of n.
5
Suppose -4*h - q + 29453 + 16225 = 0, 0 = -4*q - 8. What are the prime factors of h?
2, 5, 571
Suppose 2*t = -12*t + 154. Suppose 0 = -10*f + t*f - 1560. List the prime factors of f.
2, 3, 5, 13
Suppose 3*l = 4*k - 24, 4*k - 2*l = 12 + 12. Suppose k*i + 0*i = 24. Suppose -b + 0*b - i*c = -22, 0 = -2*b + 5*c + 31. List the prime factors of b.
2, 3
Let z be (14 + 0)*2/4 + -3. Suppose -3 = 5*g - 0*g - 4*s, 2*g - z*s + 6 = 0. Suppose -2*c = -g - 19. What are the prime factors of c?
2, 5
Let k(f) = 1086*f**2 - 3*f - 16. Let u be k(4). Suppose -4009 = -21*j + u. List the prime factors of j.
3, 113
Let x(v) = 6*v**2 + 281*v - 832. What are the prime factors of x(3)?
5, 13
Let v = 41594 - 22409. What are the prime factors of v?
3, 5, 1279
Suppose -168*t + 2804 = -164*t. Let w = t + -581. What are the prime factors of w?
2, 3, 5
Let c = -36 - -45. Suppose 2*u = -d - 3, 7*u = 2*u - 4*d - c. List the prime factors of 2/(-1)*(u + 153/(-6)).
53
Let z = -620 - -900. What are the prime factors of z - 1 - (5 + (-16 - -9))?
281
Suppose -1265*c + 1230*c = -2666230. List the prime factors of c.
2, 41, 929
Let m(o) = -o + 17. Let g be m(17). Let s be (1 + -3)*(-2 - g). Suppose -3*t = s*d - 213, 4*t = 5*d - 253 + 10. List the prime factors of d.
3, 17
Let t = 110 - 108. Suppose t*b - 4*a - 932 = 0, 23*b + 922 = 25*b + a. What are the prime factors of b?
2, 3, 7, 11
Suppose -6*d + 10 = 502. Let c = d - -54. Let h = c + 44. List the prime factors of h.
2
Let d(i) = -37*i - 152. Let n(o) = 19*o + 76. Let s(b) = -2*d(b) - 5*n(b). What are the prime factors of s(-26)?
2, 5, 47
Suppose 333*o - 5048532 - 691278 = 7286151. What are the prime factors of o?
3, 13, 17, 59
Suppose 10*y = 7*y - 1128. Let b be (y/36*3)/((-6)/9). Suppose -k + 26 = -b. What are the prime factors of k?
73
Suppose -18*b - 8018 + 34460 = 0. Suppose -678 = -3*f + 4*g + 767, b = 3*f + 2*g. List the prime factors of f.
487
Let r(z) = -20*z**3 - 5*z**2 - 4*z. Suppose 137 = -4*d + 417. Let m = d + -72. What are the prime factors of r(m)?
2, 37
What are the prime factors of 100/(-250) - (6/8 - 1243315/100)?
2, 3, 7, 37
Suppose -2*v + 9*v - 35 = 0. Let n(d) = 10*d**3 + 6*d**2 - 13*d - 2. List the prime factors of n(v).
31, 43
Suppose -29*c - 3*o + 34136 = -25*c, 17070 = 2*c + 2*o. What are the prime factors of c?
19, 449
Suppose 0 = 30*i - 39*i + 17640. What are the prime factors of i?
2, 5, 7
Let d(m) = -m + 10. Let i be d(0). Suppose 0 = -i*q - 2410 + 7380. What are the prime factors of q?
7, 71
Let h = -4 - -6. Suppose d + 2 + 2 = 4*f, -20 = -4*d - 2*f. Suppose -3*v = 0, d*u + h*v + v = 188. What are the prime factors of u?
47
Let k be (9/6)/(0 + (-1)/(-470)). Suppose 2067 = 708*s - k*s. What are the prime factors of s?
13, 53
Let x be (193 + -151)*2/9*6. List the prime factors of 657 + 19/(133/x).
5, 7, 19
Suppose 6*d - 3190 = -z + 2*d, 2*z + 5*d - 6386 = 0. List the prime factors of z/3 + -6*(-40)/48.
3, 7, 17
Let w be (2 - (-22)/(-12)) + (-147)/18. Let d be w/60 + (-6392)/(-15). Let c = -185 + d. List the prime factors of c.
241
Let d(t) = -14*t - 42. Let s be d(3). What are the prime factors of (-9592)/(-14) - -4*3/s?
5, 137
Suppose 5 = -2*s + 5*x - 0, -2*x + 2 = 0. Let m(f) = 34 + 15 - 14 - f + 0*f. List the prime factors of m(s).
5, 7
Let h = 5321 + -3307. Suppose 4*p = 5*r + 1631, -r + h = 5*p + r. List the prime factors of p.
2, 101
Let r = -6305 - -14750. List the prime factors of r.
3, 5, 563
Suppose 20*n - 31 = -11. Let r be ((-3)/(-1))/(-3) - (n + 2). What are the prime factors of 4 + (49 - (-2 - r - 4))?
5, 11
Suppose -5*z - 21*d + 135722 = -22*d, -3*d - 54268 = -2*z. What are the prime factors of z?
2, 7, 277
What are the prime factors of 16/(32/(-26)) + 733?
2, 3, 5
Let m = -566 + 568. Suppose v + m*r = 1035, r - 2 = 3. What are the prime factors of v?
5, 41
Let n be (0 - 3)/((-57)/(-66) - 1). Suppose x = -2*h - 3*x + n, -6 = 2*h - 3*x. Suppose h*t + 67 - 73 = 0. What are the prime factors of t?
2
Let k = -29 + 34. Suppose 2*t - k*n = 321 + 174, n + 483 = 2*t. Suppose -4*z + t = 3*p, -p - 4*p + z = -423. List the prime factors of p.
2, 3, 7
Let y(s) = -5*s**2 - 10*s + 5. Let h be y(-3). Let p(w) = w**3 + 12*w**2 - 3*w + 24. What are the prime factors of p(h)?
2, 127
Let n = 535 + -151. Suppose -331*y + n = -323*y. What are the prime factors of y?
2, 3
Suppose -5*b + 20 = -0*b. Suppose 5*k + 5*m - 532 = 133, 0 = m - b. What are the prime factors of k?
3, 43
Let r(i) be the third derivative of i**6/60 - 71*i**5/60 - 35*i**4/24 - 17*i**3/6 - 58*i**2. List the prime factors of r(36).
19
Let y be 246/(-615) - (-492)/5. Suppose 0*a - 2*a = 0. Suppose a*r - y = -r. What are the prime factors of r?
2, 7
List the prime factors of 3957 - (-4 - (-15 - -10)).
2, 23, 43
Let j(q) = 691*q + 5200. What are the prime factors of j(73)?
7, 7949
Let b(d) = 2*d**2 - 72*d - 6. Let t be b(36). What are the prime factors of 4/t - (14300/(-39) + -5)?
7, 53
Suppose 2*j - 5033 = -l, 4434 = -3*l - 3*j + 19530. List the prime factors of l.
3, 13, 43
Let d(f) = -3*f**3 + 47*f + 17936. List the prime factors of d(0).
2, 19, 59
Let i = -81804 + 147455. List the prime factors of i.
65651
Let j(f) = f**3 + 41*f**2 + 19*f + 80. Let l be j(-41). Let n = 25 - l. List the prime factors of n.
2, 181
Suppose 0 = -75*c - 47*c + 4877316. List the prime 